remainder when 6718 is divided by 6?
4
What is the remainder when 418702 is divided by 66?
64
What is the remainder when 7760 is divided by 3827?
106
What is the remainder when 16403 is divided by 1093?
8
Calculate the remainder when 561 is divided by 493.
68
Calculate the remainder when 3883 is divided by 261.
229
What is the remainder when 68623 is divided by 10?
3
Calculate the remainder when 38303 is divided by 415.
123
What is the remainder when 37498 is divided by 15?
13
Calculate the remainder when 44894 is divided by 4078.
36
What is the remainder when 61286 is divided by 64?
38
What is the remainder when 549584 is divided by 9?
8
What is the remainder when 156061 is divided by 239?
233
Calculate the remainder when 30976 is divided by 330.
286
What is the remainder when 9608 is divided by 89?
85
Calculate the remainder when 7771 is divided by 3779.
213
What is the remainder when 547 is divided by 262?
23
Calculate the remainder when 10596 is divided by 127.
55
Calculate the remainder when 30830 is divided by 6141.
125
Calculate the remainder when 3148 is divided by 159.
127
What is the remainder when 286546 is divided by 95511?
13
What is the remainder when 87 is divided by 68?
19
What is the remainder when 736788 is divided by 11?
8
What is the remainder when 20761 is divided by 128?
25
Calculate the remainder when 42728 is divided by 17.
7
Calculate the remainder when 18933 is divided by 95.
28
What is the remainder when 882 is divided by 204?
66
Calculate the remainder when 766476 is divided by 383238.
0
Calculate the remainder when 11035 is divided by 40.
35
What is the remainder when 59401 is divided by 78?
43
What is the remainder when 47474 is divided by 1359?
1268
What is the remainder when 39742 is divided by 156?
118
Calculate the remainder when 3297 is divided by 1060.
117
What is the remainder when 6017 is divided by 5886?
131
Calculate the remainder when 18699 is divided by 16.
11
Calculate the remainder when 34937 is divided by 14.
7
What is the remainder when 35227 is divided by 1404?
127
Calculate the remainder when 52775 is divided by 44.
19
Calculate the remainder when 571 is divided by 519.
52
What is the remainder when 289546 is divided by 96514?
4
What is the remainder when 1458 is divided by 8?
2
Calculate the remainder when 74552 is divided by 38.
34
What is the remainder when 29127 is divided by 20?
7
Calculate the remainder when 152250 is divided by 152226.
24
Calculate the remainder when 326321 is divided by 143.
138
Calculate the remainder when 523 is divided by 343.
180
What is the remainder when 56802 is divided by 284?
2
Calculate the remainder when 57491 is divided by 11.
5
Calculate the remainder when 83777 is divided by 84.
29
Calculate the remainder when 3324 is divided by 1296.
732
What is the remainder when 110322 is divided by 131?
20
Calculate the remainder when 500910 is divided by 71558.
4
Calculate the remainder when 772 is divided by 653.
119
Calculate the remainder when 18517 is divided by 81.
49
What is the remainder when 106992 is divided by 616?
424
Calculate the remainder when 1201 is divided by 197.
19
Calculate the remainder when 4307 is divided by 2143.
21
What is the remainder when 4534 is divided by 4522?
12
What is the remainder when 3838 is divided by 473?
54
What is the remainder when 4121 is divided by 365?
106
What is the remainder when 30164 is divided by 3770?
4
What is the remainder when 278509 is divided by 572?
517
Calculate the remainder when 14451 is divided by 688.
3
What is the remainder when 233258 is divided by 478?
472
What is the remainder when 7778 is divided by 1108?
22
Calculate the remainder when 81868 is divided by 27284.
16
Calculate the remainder when 9128 is divided by 45.
38
What is the remainder when 36810 is divided by 19?
7
Calculate the remainder when 380 is divided by 143.
94
What is the remainder when 62414 is divided by 171?
170
What is the remainder when 24272 is divided by 93?
92
Calculate the remainder when 3047 is divided by 18.
5
Calculate the remainder when 10652 is divided by 2630.
132
What is the remainder when 14481 is divided by 33?
27
Calculate the remainder when 3191 is divided by 49.
6
Calculate the remainder when 88063 is divided by 25.
13
Calculate the remainder when 5205 is divided by 220.
145
What is the remainder when 2177 is divided by 937?
303
Calculate the remainder when 6789 is divided by 2969.
851
What is the remainder when 114284 is divided by 23?
20
What is the remainder when 23017 is divided by 1001?
995
What is the remainder when 2279 is divided by 216?
119
Calculate the remainder when 184750 is divided by 4506.
4
What is the remainder when 6185215 is divided by 466?
463
Calculate the remainder when 471940 is divided by 59.
58
Calculate the remainder when 71202 is divided by 387.
381
What is the remainder when 233489 is divided by 6?
5
What is the remainder when 141115 is divided by 36?
31
What is the remainder when 2429 is divided by 277?
213
What is the remainder when 1290 is divided by 268?
218
What is the remainder when 25361 is divided by 47?
28
Calculate the remainder when 722165 is divided by 124.
113
Calculate the remainder when 1373 is divided by 74.
41
Calculate the remainder when 29288 is divided by 9760.
8
Calculate the remainder when 81975 is divided by 427.
418
Calculate the remainder when 4523 is divided by 503.
499
Calculate the remainder when 1768 is divided by 54.
40
Calculate the remainder when 54633 is divided by 87.
84
Calculate the remainder when 165983 is divided by 532.
531
What is the remainder when 30704 is divided by 195?
89
Calculate the remainder when 11227 is divided by 41.
34
Calculate the remainder when 194099 is divided by 1027.
1023
Calculate the remainder when 168940 is divided by 3128.
28
Calculate the remainder when 10939 is divided by 1214.
13
Calculate the remainder when 18789 is divided by 2662.
155
Calculate the remainder when 9343 is divided by 41.
36
What is the remainder when 21417 is divided by 498?
3
Calculate the remainder when 54422 is divided by 79.
70
What is the remainder when 5950 is divided by 846?
28
Calculate the remainder when 650 is divided by 296.
58
Calculate the remainder when 16547 is divided by 62.
55
Calculate the remainder when 409 is divided by 239.
170
Calculate the remainder when 3232 is divided by 442.
138
Calculate the remainder when 11482 is divided by 22.
20
What is the remainder when 15791 is divided by 198?
149
What is the remainder when 14190 is divided by 25?
15
What is the remainder when 4055 is divided by 42?
23
What is the remainder when 29003 is divided by 12?
11
Calculate the remainder when 2691558 is divided by 13.
12
What is the remainder when 93766 is divided by 181?
8
What is the remainder when 4050 is divided by 2796?
1254
Calculate the remainder when 79880 is divided by 85.
65
What is the remainder when 352881 is divided by 4?
1
Calculate the remainder when 17884 is divided by 17838.
46
Calculate the remainder when 324 is divided by 14.
2
Calculate the remainder when 4101 is divided by 369.
42
Calculate the remainder when 732 is divided by 41.
35
Calculate the remainder when 812 is divided by 263.
23
What is the remainder when 9377 is divided by 126?
53
What is the remainder when 6204 is divided by 1379?
688
What is the remainder when 1996176 is divided by 139?
136
What is the remainder when 3709 is divided by 106?
105
Calculate the remainder when 19228 is divided by 469.
468
Calculate the remainder when 685 is divided by 324.
37
Calculate the remainder when 129800 is divided by 264.
176
Calculate the remainder when 17066 is divided by 439.
384
Calculate the remainder when 42696 is divided by 117.
108
Calculate the remainder when 30594 is divided by 986.
28
What is the remainder when 1169 is divided by 15?
14
What is the remainder when 1913 is divided by 1662?
251
What is the remainder when 797429 is divided by 398711?
7
What is the remainder when 1579 is divided by 1471?
108
What is the remainder when 495 is divided by 420?
75
What is the remainder when 9864 is divided by 3281?
21
Calculate the remainder when 97626 is divided by 10837.
93
What is the remainder when 17783 is divided by 5911?
50
What is the remainder when 1269 is divide